0 = 0. Let y(p) = p - 4. What is y(b)?
2
Suppose -4 = -3*l + 2. Let c be -4*l*(-2)/(-4). Let a(s) be the first derivative of 3*s**2/2 + 6*s - 1. Determine a(c).
-6
Let c(j) = -2*j + 1. Let k be c(-1). Suppose 0*g + g = -5*f - 12, k = -3*f - 2*g. Let h(l) = l**2 + 4*l + 2. Give h(f).
-1
Let q(d) = -3*d**3 + 3*d**2 - 2*d + 1. Let j(z) = z**2 - 13*z - 4 + 3 + 3. Let r be j(13). Calculate q(r).
-15
Let o(j) = 2*j. Suppose 0 = -11*c + 6*c + 15. Suppose 0 = -c*b + 11 - 2. Determine o(b).
6
Let d(f) = -3*f**3 - 3*f**2 - f + 1. Let k(j) = -2*j**3 - j**2 - j. Let i(t) = 3*d(t) - 5*k(t). Give i(3).
0
Let g = 1 + 4. Let p(o) be the second derivative of o**4/12 - 2*o**3/3 - 3*o**2/2 - 2*o. Calculate p(g).
2
Let n(m) be the third derivative of -m**4/24 + 5*m**3/6 - 2*m**2. What is n(6)?
-1
Let c(z) be the third derivative of 0*z + 1/120*z**6 - 1/15*z**5 + 1/12*z**4 + 0 + z**2 + 0*z**3. Determine c(3).
-3
Let i(n) = n**2 + n - 5. Let r be i(-5). Let c be (24/r)/(4/10). Let a(t) be the second derivative of -t**5/20 + t**4/3 + 5*t**2/2 + 5*t. What is a(c)?
5
Let s(o) = 3*o - 12 + 1 + 6. Give s(4).
7
Let i(p) = p**2 + p. Suppose 2*f - 3 = -1. What is i(f)?
2
Let a(z) = z. Suppose 0*y = 5*y - 50. Let h be 2/y + 18/10. Let t be -1*1*(5 - h). Calculate a(t).
-3
Let w(d) = d - 3. Let g(i) = 3. Let s(k) = 2*g(k) + 3*w(k). Calculate s(-4).
-15
Let d(k) = k - 4. Let l be d(6). Suppose -l*w + 4*w - 5*r = 14, -5*w = -5*r - 20. Let g(t) be the first derivative of t**2/2 - t - 1. Calculate g(w).
1
Let n(x) = x + 7. Let l(z) be the first derivative of z**2/2 + 7*z + 3. Let y(m) = -4*l(m) + 3*n(m). What is y(-6)?
-1
Suppose -2*h + 20 = 3*h. Let q(c) = c - h + 5*c**2 - c**3 + 1 + 0*c. Let i = 8 - 3. What is q(i)?
2
Let s = -5 - -8. Suppose -s*k = -0*k. Let g(p) be the second derivative of -p**5/20 + p**4/12 - 3*p**2 - 2*p. Calculate g(k).
-6
Suppose 3*f = -r + 6*r + 10, 3*f = -3*r + 18. Let g(v) be the third derivative of v**4/12 - v**3/6 + 19*v**2. Determine g(f).
9
Let u(x) = 6*x + 2 + 7*x - 12*x. Let g(a) = 2*a. Let n be g(3). Give u(n).
8
Suppose 4*u = 0, 4*s - 25 + 1 = 2*u. Suppose 3*t + s = -0*t. Let q(d) = -2*d**3 - 3*d**2 - 4*d - 3. What is q(t)?
9
Suppose 17 = h - 4*p, -h - h - 5*p = 18. Let b(s) = 10*s**3 - s**2 + s - 1. What is b(h)?
9
Let w = 5 - 2. Let s(o) = -2*o + 3. Let b(l) = l - 4. Let q(i) = w*b(i) + 2*s(i). Let y(c) = c**3 - 5*c**2 + 2*c + 3. Let t be y(4). Calculate q(t).
-1
Let q(o) = -o**3 - 2*o**2 + 2. Let a(z) be the third derivative of -z**4/24 + 4*z**3/3 + 3*z**2. Let y be a(10). What is q(y)?
2
Let n = -6 - -9. Let h be (4/6)/(n/27). Suppose g - 5 = h*g. Let w(u) = u**2 + 1. Give w(g).
2
Let q(u) = u**3 - 4*u**2 - 2*u - 7. Suppose -7*s = 3*s - 50. Determine q(s).
8
Suppose -12*a + 9*a = -24. Let p(o) = -o**2 + 7*o + 5. What is p(a)?
-3
Let c(s) be the second derivative of s**4/12 - 2*s**3/3 - 5*s**2/2 - 5*s. Let j be 159/(-18) + 2/(-12). Let a = j - -13. What is c(a)?
-5
Let c(w) = -3*w. Let d = -8 + 7. What is c(d)?
3
Let i(t) = t**2 + 2*t. Let x be (-3 + 0)*(-3 + 4). What is i(x)?
3
Let n(c) = 4*c + 2*c + c + 48 - 5*c. Let w be n(-21). Let i(q) = 5 - q**2 + 2 + q**3 - 5*q**2. What is i(w)?
7
Let f(r) = -5*r - 1 + 3*r**2 - 4*r**3 + 3*r**2 + 5*r**3 - 2*r**3. Let g be f(5). Let i(p) = -5*p**3 - 2*p**2 - 2*p - 1. What is i(g)?
4
Let s(i) = 10*i**2. Let c = 1 - -3. Suppose -x = -4*m - 7, -x - c*m - 7 = -m. Determine s(x).
10
Let s(m) = -2*m - 1. Let b be (-2 + (2 - -1))*(-102)/17. Determine s(b).
11
Let g(m) = -2*m - 7. Let t be g(-5). Let o(x) = -x**2 + 2*x - 4. Determine o(t).
-7
Let y(a) = 7*a**2 + 4*a + 9. Let f(n) = -6*n**2 - 3*n - 8. Let r(z) = 6*f(z) + 5*y(z). Let j be ((-12)/(-20) + 0)*5. What is r(j)?
-6
Let m(i) = 6*i**3 + i**2 + i - 1. Let r(a) = a**2 + 5*a + 5. Let j be r(-1). What is m(j)?
7
Let q = 15 - 9. Let n(v) be the third derivative of v**4/24 + v**3/3 - 55*v**2. What is n(q)?
8
Let j(x) = -x**3 - x**2 - 5. Let s be j(0). Let z(w) = -7*w - 13. Let g(n) = 10*n + 19. Let a(r) = s*g(r) - 7*z(r). Let k = -3 + 3. Determine a(k).
-4
Let z(o) = -3*o - 2. Let a(n) = -n - 1. Let m(u) = -6*a(u) + 3*z(u). Let h(v) = -6 + 2*v + 2*v + v**2 + 2*v. Let b be h(-7). Give m(b).
-3
Let h(o) = 7*o**2 - 1. Let u be (-25)/5 + (0 - -3). Let q be 0 + (u - (-1 - 2)). Give h(q).
6
Let a(m) = m**3 - 9*m**2 + m - 10. Let x(t) = -t**3 - 6*t**2 - 6*t + 4. Let l be x(-5). Calculate a(l).
-1
Let g(q) be the second derivative of -q**4/12 - 7*q**3/6 - q**2 - 5*q. Determine g(-6).
4
Let t(l) = -l**2 + l. Let g be t(-2). Let h be (2 + 1)*10/g. Let m(r) = 2*r - 1. What is m(h)?
-11
Let x(g) = 6*g + 37. Let j be x(-7). Let c(m) = -m**3 + 8*m**2 + 4*m + 2. Let w(i) = 3*i**3 - 17*i**2 - 8*i - 5. Let q(k) = -5*c(k) - 2*w(k). Calculate q(j).
-5
Suppose -3*v + 3 = 18. Let y(i) = i**2 + 6*i + 5. Give y(v).
0
Let r(b) = -b + 1. Let v be r(5). Let y be 3/(-2) + (-2)/v. Let k(t) be the third derivative of t**4/24 + 2*t**2. Calculate k(y).
-1
Let o(m) = 3*m**2 + 6*m + 7. Let j(g) = -5*g**2 - 5*g - 7. Let c(n) = 2*j(n) + 3*o(n). Determine c(8).
7
Let t(r) = -2*r. Let y(i) = -i. Let s(m) = 3*t(m) - 10*y(m). Let h be s(-1). Let v(k) = 4*k - 1. Let q(p) = -5*p + 1. Let g(d) = 5*q(d) + 6*v(d). What is g(h)?
3
Let j = 2 + 3. Let k(q) = q + j - 5. What is k(3)?
3
Suppose 0*p - 6 = -3*p. Suppose -3*d - 3*u = d - 29, -5*d + p*u + 42 = 0. Let l(x) = -d*x + 3*x - 3*x. What is l(1)?
-8
Let v be -2*3/6 - -1. Suppose v*z + 18 = -3*z. Let n = z - -3. Let c(j) = j**3 + j**2 - 4*j - 1. Determine c(n).
-7
Let m(p) = -7*p + 7. Let h(k) = 4*k - 3 - 3*k + 2*k. Let c(x) = -15*h(x) - 6*m(x). Give c(4).
-9
Let s(w) = -2*w - 2. Suppose 9 = -3*o + 3. Let n be (-4 - -6)/(o/3). Calculate s(n).
4
Suppose o - 2*m = -o - 20, 0 = -5*m + 25. Let a(d) be the first derivative of 1 - 3*d - 5/3*d**3 - 1/4*d**4 + 1/2*d**2. Determine a(o).
-8
Let v(d) = d**2 - 2*d - 5. Suppose -2*i - 5*f = 3 + 7, 0 = -4*i - 5*f. What is v(i)?
10
Let u = 13 - 9. Let x = u + -2. Let i(m) = m**2 + 3 - 2*m**2 + x - 3. Give i(2).
-2
Let c be (0 + 0)/((-6)/(-6)). Let y = 0 - -3. Let n(i) = 4 - y*i + 5*i + c*i. Calculate n(-4).
-4
Suppose -7 = -4*b + 3*g, 6*g + 19 = 3*b + g. Let h be 0 - 1/((-1)/3). Let q(a) = 2*a - 4*a - h*a + 1. Determine q(b).
11
Let g(r) = -r. Let c(q) = -6*q - 1. Let w(k) = -c(k) + 5*g(k). Determine w(3).
4
Let g(s) = 4*s + 3. Let o be g(-2). Let f(p) be the second derivative of p**2 + 1/20*p**5 + 0*p**3 + 5/12*p**4 + 0 - 8*p. What is f(o)?
2
Let r(k) = -k + 2. Suppose -4*v - 35 + 99 = 5*q, v = -5*q + 76. Let a be (q/(-6))/((-6)/(-9)). Calculate r(a).
6
Let y = -42 + 46. Let j(g) = -g**2 + 4*g + 5. What is j(y)?
5
Suppose c - 35 + 11 = 3*h, 5*c + 15 = 0. Let x(a) = -a - 7. Let g be x(h). Let n(v) = -3*v - 2. Determine n(g).
-8
Let o(p) be the second derivative of -p**3/3 + p**2/2 + 5*p - 8. Determine o(-4).
9
Let n(w) be the first derivative of -4*w**3/3 + 3*w**2/2 - w - 1. Let h(z) = z**2 + z. Let o(i) = 3*h(i) - n(i). Let k = 34 - 33. What is o(k)?
8
Suppose 0 = 2*d + d. Let a be d*((-14)/4 + 3). Let j(z) = z - 3. What is j(a)?
-3
Let w = 124 - 116. Let r(v) = -v**3 + 8*v**2 + v + 6. Calculate r(w).
14
Suppose -q + 10 = -6*q - 5*y, 2*q = -y - 6. Let g(p) = 4*p**2 - 69*p + 69*p + p**3 + 3. Calculate g(q).
3
Let z(k) = 3*k + 4*k**3 + 5*k**3 - 8*k**3 + k**2 + 4 - 6*k**2. Give z(3).
-5
Let r(h) = -5*h**3 + 23*h**2 + 8*h - 5. Let q(s) = 3*s**3 - 15*s**2 - 5*s + 3. Let z(o) = -8*q(o) - 5*r(o). Let g = 13 + 2. Let m be (g/2)/(-3)*2. Give z(m).
1
Let y(m) = 5 + 7*m**3 - 4*m**3 - m**2 - 2*m + 2*m**2 - 4. Let h be (-4)/18 + 22/18. Give y(h).
3
Let v be (0 - 2) + 3 + 2. Let q(g) be the second derivative of -7/2*g**2 + g + 1/6*g**v + 0. Determine q(6).
-1
Let u(k) = -k**2 + 4*k - 6. Let z(v) = -2*v**2 + 7*v - 13. Let y(l) = l + 7. Let f be y(-12). Let n = -1 - -3. Let b(c) = f*u(c) + n*z(c). Calculate b(4).
-4
Let r(y) be the first derivative of y**4/4 - y**3/3 - y**2/2 + 5*y + 3. Let s(l) = -l**3 + 6*l**2 + 8*l - 7. Let v be s(7). Determine r(v).
5
Let n(f) = f**3 - 5*f**2 + 4. Let m(x) = -5*x**3 + 25*x**2 - x - 20. Let g(t) = 2*m(t) + 11*n(t). Suppose s = 2*a - 8, -3*s + 19 = 3*a - s. Determine g(a).
-6
Let x(w) = 2*w + 2. Suppose 8*n + 40 = 8. Give x(n).
-6
Let j be 0/2 - (2 + -1). Let t(s) = -s - 2. Let f be t(-3). Le